
What is 1 - 3 - (16 - (-3 + 11))?
-10
What is the value of 5 - 8 - (2 - (2 - -2))?
-1
Calculate -8 + 4 - (-2 - (-1 - 0)).
-3
Calculate 6 - (6 + -1 + (0 - -1)).
0
-1 + (-1 + -1 - (13 - 17))
1
Calculate 1 + (1 - 7) + 8.
3
What is -4 - (-3 + 6 + -11)?
4
Evaluate -5 - -5 - -6 - 2.
4
What is the value of -3 - ((7 - 3) + -4)?
-3
Evaluate (-4 + 13 - 4) + -6.
-1
What is (11 - 16 - 1) + 2?
-4
What is the value of 3 + 2 + (8 - 14)?
-1
What is (5 - (3 - -2)) + 0?
0
What is -161 + 151 + (0 - -12)?
2
Calculate 30 + -34 + -1 + 0 + -2.
-7
Evaluate (-1 - -1) + 9 + (4 - 10).
3
What is the value of -53 + 54 - (0 + -3)?
4
What is -6 + (-1 - -15) + -6?
2
What is -1 + 6 + (-5 - (-9 + 4))?
5
Calculate 1 + (0 - (0 + 0 + -3)).
4
Evaluate 1 + (3 - 1) + -6.
-3
4 + (2 - (-3 + 16 + -2))
-5
What is 0 + 3 + 4 + (7 - 14)?
0
What is (-18 - -12 - -13) + -9?
-2
Calculate 1 + -5 + 6 + -1 + -6.
-5
What is the value of -4 + (-4 - -3) + 7?
2
What is 8 - (3 - 0 - 5 - -7)?
3
What is -1 + 5 - (-11 - -4 - -10)?
1
What is the value of (20 + -13 - 6) + -8?
-7
Calculate 1 + (-7 - (2 - -1 - 0)).
-9
12 + -8 - (2 + 2)
0
-5 - (1 + -10 + (-11 - -13))
2
What is -4 + -17 + 10 - -10?
-1
Evaluate 20 + -15 + 7 - 23.
-11
Calculate 3 + -4 - (15 - 12).
-4
What is -3 - -1 - (-2 - (-1 - -1))?
0
What is the value of -1 - (5 + -8 + 3)?
-1
Evaluate (-20 - -11) + (5 - 6).
-10
Evaluate -1 + (1 - -1) - -3.
4
(6 - 1) + (72 - 71)
6
What is -4 - (7 - 5 - 5)?
-1
Evaluate -2 - (1 - -6) - (1 + -5).
-5
Evaluate 9 + (-10 - -20 - 11).
8
Calculate -3 - (-5 - (-3 - 1)).
-2
Evaluate 8 - ((-7 - -10) + 5).
0
-4 + -2 - (0 - 2 - -1)
-5
Evaluate -5 + -12 + 16 + (0 - 0).
-1
What is the value of 9 + -14 + 2 + 2 + -1?
-2
What is the value of -3 - 1 - (-2 + -3 + 0)?
1
(-8 - -7) + 0 + 2 + 1
2
Calculate -18 + 18 - (1 - 0).
-1
(1 + -2 - -2) + 200 + -208
-7
What is 5 + (4 - (0 + 14))?
-5
What is the value of 5 - 0 - 20 - -9?
-6
(6 - 11 - 0) + 6
1
2 + 0 - (2 + (-3 - 2))
5
What is 4 + (-15 - (-1 + -8))?
-2
Evaluate 2 + -1 + -2 - -2.
1
2 + -1 - (3 - (1 + 1))
0
What is 6 - (-3 - (1 + -5))?
5
What is -2 + -16 + 8 + 15?
5
What is the value of 5 + -1 + -2 + 1?
3
What is the value of -15 - -15 - (7 - (4 + -1))?
-4
What is (-6 - -7) + -1 + 6 + 4?
10
What is the value of -7 + 10 + 6 + -12?
-3
(14 + -22 - -3) + (-1 - -3)
-3
What is the value of 1 + -2 + 2 + -2?
-1
Calculate 7 + 0 + (3 - 13).
-3
-5 + 0 + 1 - (-2 - -2)
-4
Evaluate -18 + (19 - 11) - -3.
-7
Evaluate -2 - (-17 - -9) - 13.
-7
Evaluate (-8 - -7) + (-1 + 0 - -1).
-1
What is the value of 8 + (-8 - 1) - -2?
1
3 + 0 + -23 + 25
5
What is 0 + (2 - (-1 - 0)) + -2?
1
What is the value of 1 + 0 + -2 + (14 - 17)?
-4
Evaluate 1 - (5 + -8 - -10).
-6
What is 9 - (2 - (-3 - -1))?
5
What is -3 + (-9 + 4 - (-2 + -5))?
-1
What is 1 - (-3 + -1 + 4)?
1
What is -3 - (-7 + -2 + 1)?
5
Evaluate -4 - (5 - 5) - (2 + -12).
6
(0 - (-6 - -7)) + (-7 - -1)
-7
What is the value of (5 - (19 - (12 - 6))) + 6?
-2
What is the value of 9 + -2 + (-1 - 7)?
-1
What is 4 - (6 - 3) - 4?
-3
Evaluate 5 + (1 - (-4 - (-7 - 1))).
2
1 - -4 - 9 - 3
-7
9 + -6 + 2 + (-2 - -1)
4
Evaluate 1 - (2 - (1 + 2 - 4)).
-2
Calculate -5 + (20 - 7) + -10.
-2
Calculate -7 + -6 + -1 + 5.
-9
(-4 - 0) + (-5 - -7) + 0
-2
What is -1 + (2 - 0) + 2?
3
Evaluate (-1 + -6 - (4 - 4)) + 3.
-4
Calculate -1 + -8 + 15 - -1.
7
What is 8 + 0 + -121 + 107?
-6
What is -5 - ((-13 - -5) + 2)?
1
Calculate 6 + -6 + 3 - -1.
4
Calculate (1 - -1 - (10 + -6)) + -3.
-5
-3 - (4 - (1 - -1))
-5
10 + 15 + -9 + -10
6
-3 - (4 + 3 + 2 + -6)
-6
Evaluate (-1 + -1 - -6) + (9 - 12).
1
(-4 - -8) + 2 + -3
3
Evaluate -1 + 1 - 6 - (35 - 34).
-7
What is the value of -5 + 2 - (-4 + 6 + -3)?
-2
4 - ((-11 - -3) + 8)
4
-1 - 5 - (39 + -38)
-7
Calculate 4 - ((6 - 9) + 8).
-1
Calculate 4 - 7 - -11 - 3.
5
What is -5 + 10 - (5 + 0)?
0
What is 2 + 8 + 9 - 10?
9
-1 - 4 - (14 + -17)
-2
Calculate -4 - (3 + -2) - (-45 + 48).
-8
What is 0 - (-7 - (-3 - 2) - 0)?
2
Evaluate (-13 - -17 - (1 - -2)) + 1.
2
Calculate -4 - (0 + 8) - -7.
-5
Calculate (-57 - -58) + (-2 - -2).
1
-1 + -12 + 123 + -114
-4
Calculate 4 + (2 - (5 + -4 + -2)).
7
Calculate -16 + 18 - (-1 - -1).
2
(5 - 1 - 5) + 3
2
Calculate -11 + 1 - (36 - 42).
-4
What is (4 - -1) + -6 - -8?
7
What is the value of -2 - (-2 + (2 - -1) + 0)?
-3
What is the value of 3 - (-3 + 3 + 5 + -2)?
0
Calculate -3 - -10 - (5 + -2).
4
(5 - -2 - 11) + 5
1
What is 0 - (-1 + 0) - (-1 + 5)?
-3
Calculate 2 - 2 - 1 - (3 - -1).
-5
Evaluate 1 - (-5 - 0) - (29 + -29).
6
What is 5 - 3 - (-17 - -25)?
-6
What is -11 - (-14 - 11) - 9?
5
What is the value of 0 - -1 - (-3 + (4 - -3))?
-3
2 - (-8 - -9 - (1 - -1))
3
Evaluate (-1 - 2) + 3 + 3.
3
What is the value of -8 + -8 + 9 + 9?
2
-1 + (3 - (5 + 3)) + 8
2
-4 - (2 - 2 - 8)
4
(1 - 1) + -22 + 23
1
Calculate (0 - (0 + -2)) + 11 + -8.
5
Calculate 3 - -1 - 8 - -6.
2
What is (-10 - (-2 - 4)) + 8?
4
What is the value of 2 - (-2 - (3 - 17))?
-10
-4 - (0 + 0 + 0) - 1
-5
What is the value of -4 - -3 - (3 - 6 - -7)?
-5
What is 12 - (-7 + 11) - 2?
6
What is the value of 13 + (-2 + 0 - 4)?
7
Calculate (0 - 4 - -1 - -4) + 1.
2
8 + -16 - -8 - -3
3
-3 + 2 + 12 + -10 + 5
6
What is 6 + -7 - (6 - 4 - 5)?
2
What is -25 - -25 - (0 + -3)?
3
Calculate 5 + 1 + -18 + 17.
5
(5 - (2 - 1)) + -3
1
Calculate -7 + (6 - -1) + -6 + 3.
-3
0 + -6 - (9 + -24 + -2)
11
What is (0 - (0 - -1)) + (1 - -4)?
4
2 + 3 + -13 - -4
-4
Calculate 11 + (-5 - -8 - 21).
-7
Evaluate -1 - -6 - (-19 + 30).
-6
Evaluate (-16 - (-1 - 17)) + (-5 - 1).
-4
-156 + 153 + -4 + -1
-8
What is -1 - -2 - (7 - 4 - 0)?
-2
What is the value of 0 - (-1 - 0) - 2?
-1
What is -2 + (6 - (-3 - -7)) + -4?
-4
3 + -4 + 4 + -4 + 1
0
6 - ((4 - (-1 - -4)) + 1)
4
What is -11 + 8 - (4 - 5 - 0)?
-2
Calculate 0 - (4 + -2 + 0).
-2
What is -4 + 6 + (-2 - 0 - 5)?
-5
2 - (4 + -4 + 5) - -3
0
Calculate -10 + (3 - (4 - 2)) - -5.
-4
What is the value of 7 + 1 - (3 + 3)?
2
What is (-1 - 3) + 4 + (-5 - -1)?
-4
Evaluate 10 + (-3 - -7) + -9.
5
Evaluate -2 + -5 + (10 - 9).
-6
Calculate 0 + -8 + (-2 - -6).
-4
Evaluate (-2 - 1 - (6 - 7)) + 1.
-1
Evaluate (-2 - (5 - 5) - -2) + 1.
1
What is 6 + -3 + -4 - -6?
5
What is the value of 6 - -3 - 6 - -1?
4
-1 - (-1 + -2) - (5 - 1)
-2
Evaluate 4 + 1 - (-3 + 9 - 8).
7
What is the value of 3 + (1 - (1 - -3))?
0
What is the value of 3 - (-4 - (2 + -1 - 3))?
5
What is 4 + (-6 - 0) + 1?
-1
What is the value of -7 - -9 - (1 + 5)?
-4
Evaluate -36 + 40 + (-1 - -3 - 0).
6
-3 - (-3 + -2 - (-6 - -2))
-2
What is the value of 88 - 92 - (2 + -2 + -11)?
7
3 - (-27 + 30 + (3 - -1))
-4
0 + -2 - (-7 - (-5 + 0))
0
(-5 - (-8 - -10)) + (1 - -1)
-5
Calculate 3 + -2 + -3 + 2.
0
-2 - 11 - -22 - 5
4
(7 - (-3 - -7)) + 2
5
Calculate -2 - (-3 + 1 + -3) - 0.
3
What is the value of (-3 - -1 - -8) + -3 + -1?
2
What is -13 - (9 + -8 + -5) - -4?
-5
Evaluate 1 + 3 + -8 - -6.
2
Evaluate -3 - (-1 + 4 + -3 + -1).
-2
Evaluate 9 - (8 - (1 + 8 - 5)).
5
What is the value of -1 + (-3 - -7) + -3?
0
Calculate -2 + -2 + -27 + 29.
-2
Evaluate (-1 - (-6 - -1)) + 6 + -7.
3
What is -4 + (0 - (-2 - (1 - 1)))?
-2
-54 - -39 - (-18 + -1)
4
(1 - 1) + (-16 - (-10 - 0))
-6
(33 - 22 - (1 + 1)) + -4
5
What is 0 - (8 + -4 - -1)?
-5
1 + 5 + -3 + (-2 - 1)
0
What is 12 + -29 + 14 + -1?
-4
What is 2 + (-6 - 0 - -3)?
-1
What is the value of -4 - 0 - (-75 - -63)?
8
What is 10 - (5 + -3 - 0)?
8
What is the value of -4 - (3 + -8 - 4)?
5
-2 - (-3 + (0 - -4))
-3
6 + (-1 + -2 - 0) + -4
-1
What is the value of -3 + -4 + 6 + 0 + -1?
-2
-5 - (-3 + (-1 - 1))
0
-6 - (-5 + 10 + -9 + 2)
-4
Calculate 3 + (-3 - -2) + -4 + -1.
-3
What is -2 - (0 - (-4 - (-5 - 0)))?
-1
What is the value of -6 + 5 + -2 + 6 - -2?
5
5 + (-2 - (4 + -3))
2
What is the value of -7 - (5 + (0 - 7))?
-5
Evaluate 3 - (-7 - (7 - 11)).
6
Evaluate -2 - (1 - 13 - -4 - -2).
4
-5 - (-6 - (-5 + 7))
3
Calculate (-2 - 1 - 2) + 9 - 0.
4
((12 - 6) + -12 - 1) + 1
-6
Evaluate 4 + -3 + -1 - (-3 + 2).
1
What is 0 - (-1 - (-5 + 2) - 7)?
5
Calculate (-4 - 1 - (-2 - 1)) + -3.
-5
What is the value of (3 - -5) + -7 + 4?
5
Calculate -1 + (-3 - 0) + 1.
-3
Evaluate -9 + -1 + (-1 - -6) + 1.
-4
Calculate 3 - (-3 + 3 - -2) - -1.
2
Calculate -10 + 6 + -8 + 11.
-1
(3 - -1) + -40 + 33
-3
Calculate 11 + 4 + -2 + -4 + -4.
5
What is the value of 2 - (-6 + 4 - 1)?
5
Calculate 3 + -1 + 1 + 1.
4
-2 + (8 - (-4 - -5))
5
Evaluate 3